he tens digit of k?
9
Let t = -500 - -503. Suppose 0 = 24*n + t*n - 13122. What is the units digit of n?
6
Let r(p) be the second derivative of -4*p**5/5 + p**4/12 + 2*p**3/3 + 3*p**2 - 103*p. What is the hundreds digit of r(-2)?
1
Suppose -2*m - m = 5*d - 30, 5*m - 34 = -3*d. Suppose 0 = m*v + 3*v - 16. Suppose 38 = 2*q + 2*k - 6*k, 2*q + 4*k + v = 0. What is the units digit of q?
9
Let a(d) be the third derivative of 29*d**5/60 + 2*d**4/3 + 27*d**3/2 + 219*d**2. What is the hundreds digit of a(-4)?
4
Let o be -1 - (1 + -3)/2. Let k be ((-2)/(-3))/((-89)/3 - -30). Suppose -2*l + 4 = o, -5*l + 154 = k*s + 50. What is the units digit of s?
7
Let j(d) = 4*d. Let c be j(2). What is the hundreds digit of ((-88)/c)/(8/(-288))?
3
Suppose 5*g = 0, 3*y - 2*g + 3*g - 6 = 0. What is the hundreds digit of y + 3 - 3790/(-8 + 3)?
7
Let b = -198 - -178. Let w(g) = g**3 + 20*g**2 - 16*g - 42. What is the tens digit of w(b)?
7
Let y(b) = 15*b**3 + 3*b**2 - 15*b - 1. Let l be y(5). Suppose v = -7*m + 10*m - l, 3*v - 3128 = -5*m. What is the tens digit of m?
2
Let t(g) = -7*g**3 - 21*g**2 + 5*g + 58. What is the tens digit of t(-13)?
2
Let z(m) = 174*m**2 + 785*m - 29. What is the thousands digit of z(-13)?
9
Suppose -4*d + 21*g = 25*g - 118068, -5*g + 118070 = 4*d. What is the thousands digit of d?
9
Let g be (-13 - 0/((-10)/(-2))) + -1. What is the units digit of 503/(3 - g/(-7))?
3
Let w(a) = -a + 42. Suppose -9 = -5*j - q, 2*j + 0*q - 3 = -q. Suppose 0 = j*z + 3*l - 7*l - 42, 54 = 4*z - 2*l. What is the units digit of w(z)?
1
Let y(a) = -a**3 - 2*a**2 + 2*a - 10. Let x be y(0). Let w = -1 - x. Suppose w*v = 8*v + 70. What is the tens digit of v?
7
Let a be (-5 - -10)*(-2 + 12). Let t(d) = -18*d - 2*d**3 + a + 19*d - 2*d**2 + d**3. What is the tens digit of t(0)?
5
Let f(c) = 23*c**3 - 20*c**2 - 20*c - 3. What is the tens digit of f(11)?
7
Suppose -119*v + 54*v + 372009 = -54*v. What is the ten thousands digit of v?
3
Let o(z) = z**3 - 7*z**2 + 5*z + 10. Let h be o(6). Suppose 10 = -2*j + 4*k, -4*j - h*k + 11 = -5. What is the units digit of 0 - (4/(-4))/j?
1
Suppose 6*l - 26 - 28 = 0. What is the tens digit of (-24882)/(-88) - (l/(-4) + 2)?
8
Let i be (20/35)/(3/21). Suppose i*x - 2*x + 174 = 0. Let o = x + 94. What is the units digit of o?
7
Let g = -700 + 738. Suppose 4*x + 2890 = g*x. What is the tens digit of x?
8
Suppose 0 = -5*a - 2 + 7, -5*l = 2*a - 17. Suppose -q + 630 = 5*r, 15*r = -l*q + 14*r + 1848. What is the hundreds digit of q?
6
Let u be (-1)/(-6) + 2/(-12). Suppose m + 1 + 2 = u, 8 = -2*d - 4*m. Suppose -d*f - 108 = -6*f. What is the units digit of f?
7
Let k(a) = -270*a - 3489. What is the ten thousands digit of k(-74)?
1
Let r = -586 - -601. Suppose -r*v + 51049 - 21379 = 0. What is the thousands digit of v?
1
Suppose g - 33572 = -4*u + 21708, -2*u - 5*g + 27604 = 0. What is the thousands digit of u?
3
Suppose -167*u = 13 + 154. Let r = 0 + 2. What is the tens digit of 166 + 2 + u - (r + -4)?
6
Let j = -41652 + 78081. What is the units digit of j?
9
What is the tens digit of (3/24)/((-3)/(-18)) + 57114/8?
4
Let o(b) = 9*b**2 - 6*b + 2. Let a(c) = 27*c**2 - 19*c + 5. Let g(f) = -6*a(f) + 17*o(f). Let h be g(3). Let p = h - -72. What is the units digit of p?
1
Suppose -3*i + 30477 = q, i + 30501 = 79*q - 78*q. What is the tens digit of q?
9
Suppose 7*i - 14 = 21. Suppose 0 = z - 4 + i. What is the units digit of z + 2/6 - (-1672)/114?
4
Let c(b) = -b - 14. Let a be c(-17). Suppose 5*r + 5 = 2*q + 4, a*q - 5 = 4*r. Suppose -2*p + 4*k - 23 + 187 = 0, -225 = -q*p - k. What is the tens digit of p?
7
Let j(p) = -16*p + 91. Let o be (140/15)/(-7) - 154/6. What is the units digit of j(o)?
3
Suppose -4*x = 2*n - 23880, 5*x - n = 38249 - 8385. What is the thousands digit of x?
5
Suppose 0*y = -y + 5. Suppose 0 = -y*w + 229 - 74. Let i = -21 + w. What is the tens digit of i?
1
Let h(i) = 5*i**3 - 4*i**2 + 34*i + 75. What is the units digit of h(6)?
5
Let w be 10/(9 + -7) + (38 - 0). Suppose w*i - k = 47*i - 410, -4*i + 414 = 3*k. What is the units digit of i?
2
Let c = 642 - 555. Let l = 193 - c. What is the hundreds digit of l?
1
Suppose 53*b + 185*b - 297367 - 1537375 = 0. What is the tens digit of b?
0
Let s(d) = d**3 - 17*d**2 + 32*d - 86. Let h be s(13). What is the hundreds digit of 6*1 - (h + 25)?
3
Let l(z) = -14*z**3 + 86*z**2 + 19*z + 19. What is the ten thousands digit of l(-8)?
1
What is the thousands digit of 425/2550 + (-99785)/(-6)?
6
Let b(p) = 360*p**2 - 13*p - 2. Let a be b(4). Suppose -9*q + a = -0*q. What is the units digit of q?
4
Let v(w) = -11*w + 66. Let b be v(7). Let c = 310 - 135. Let d = b + c. What is the hundreds digit of d?
1
Let l(b) = 34159*b + 187. What is the ten thousands digit of l(1)?
3
Suppose 4*r - 5*r = 4*y - 103053, 3*y + 5*r - 77277 = 0. What is the thousands digit of y?
5
Let o(y) = -59*y + 12. Let b be o(4). What is the hundreds digit of (b/(-6))/((-8)/(-144))?
6
Let a(g) = g**2 - g - 2. Let l be a(3). Suppose 804 = -l*i + 3784. Suppose i - 101 = 4*u. What is the units digit of u?
1
Suppose 938 = 3*r + z, 3*r - 237 = 4*z + 721. Suppose 0 = -9*b + r + 64. What is the units digit of 9090/b - 12/(-21)?
7
Suppose 5*f - 27 = -2*l, -2*l + 16 + 2 = 2*f. Suppose 0 = -n + 5*w + 619, 0 = -5*n + l*w - 9*w + 3095. What is the tens digit of n?
1
Let a(t) = 11*t**2 - t + 475. What is the ten thousands digit of a(-31)?
1
What is the units digit of (((-7200)/(-175))/16)/((-8952)/8953 - -1)?
2
Suppose -3*v - 24 = -i + 7, 2*v + 3*i + 17 = 0. What is the hundreds digit of (v - 265)*(-16)/10?
4
Let u = -15661 + 33206. What is the thousands digit of u?
7
Suppose -2*j - 4 + 12 = 0. Suppose 0 = a + 3, 3*a - 2 + 11 = -5*b. Suppose 0 = 6*i - i - 5*t - 570, j*t + 20 = b. What is the hundreds digit of i?
1
Let j be 3/(2 + 6 + -7). What is the units digit of ((-21)/1 + 3)/(j/(-159))?
4
Let v(g) = 149*g**3 + 11*g**2 - 6*g - 50. What is the hundreds digit of v(5)?
8
Let f be ((-18)/3)/(-3*2/3). Let i be (2/f)/((-11)/(-33)). Suppose a = i*k - 278, -k + 3*a + 697 = 4*k. What is the units digit of k?
7
Suppose 2*u = 13*u - 19448. Let b = -657 + u. What is the thousands digit of b?
1
Let n = -684 - -2703. What is the tens digit of n?
1
Suppose z - 4*t + 2*t - 10716 = 0, t = -4*z + 42891. What is the thousands digit of z?
0
Suppose -12*k + 8 = -10*k. Let l be -7 + 5 - 9/(-6)*k. What is the tens digit of 198 + l + (-10 - -5)?
9
Suppose -25 = 48*m - 43*m. What is the hundreds digit of 155 + -4 + m + 32/4?
1
Let d = 15762 + 16651. What is the thousands digit of d?
2
Let i(d) = -d**2 + 7*d - 2. Let g be i(6). Suppose g*t - t = -360. What is the tens digit of t/(-36)*(45 + 0)?
5
Suppose 29*x + 60 + 114 = 0. What is the units digit of (-24)/(-28)*(-7287)/x?
1
Let m be 7/28*(-1 - -13) - -216. Suppose 4*n + m = -q, -q + 3 = -2. Let o = n - -194. What is the units digit of o?
8
Suppose -4*b = 114 + 30. Let d = b - -39. What is the tens digit of -4 + 2 - (-78 + d)?
7
Suppose 2*i - 3*i = -75. Let b = -26 + i. Suppose -s + b = -54. What is the hundreds digit of s?
1
Suppose 3*y - 10 = -x, -2*x - 2 = -x. Let j be ((4 - 5)*6)/(-2 + y). What is the units digit of 26068/147 - ((-2)/j)/2?
7
Let k(r) = -r + 0*r - 32 + 42. Let o be k(7). Suppose p + 6 = 4*p, -o*p = 3*i - 252. What is the units digit of i?
2
Let a(n) = n**3 - 29*n**2 + 30*n - 43. Let y be a(28). Let k = 11 + 245. Suppose -y*o = -9*o - k. What is the units digit of o?
4
Let q = 393 + -251. What is the tens digit of q/(-8)*(-640)/16?
1
Let v(q) = 3*q - 2. Let w be v(14). Suppose 4*x - 80 = -w. Let f = 204 - x. What is the hundreds digit of f?
1
Let f(i) = i**3 + 16*i**2 + 24*i + 5. Let b be 2/(25/(-77) - (-2)/14). What is the units digit of f(b)?
6
Let k(d) = 2*d**2 + 15*d - 7. Let i be (-19)/57 + (-2 - 20/3). Let y be k(i). What is the units digit of ((-15)/y)/(1/(-132))?
9
Let q(b) = 3*b**2 - 24*b + 165. What is the hundreds digit of q(50)?
4
Suppose 0 = 7*o - 5*o + 624. Let i = -183 - o. What is the tens digit of i?
2
Let u = -10 - -77. Let r = 86 - u. What is the units digit of r?
9
Let w(f) = f**2 - f + 1. Let t be w(-2). Let k = -5 + t. Suppose -x + 20 = -3*o - 1, -k*o = 4*x - 14. What is the units digit of x?
6
Suppose 2*i = -i. Suppose 7*w - 2974 + 377 = i. What is the hundreds digi